remainder when 203895 is divided by 65.
55
Calculate the remainder when 6629421 is divided by 580.
21
What is the remainder when 1382858 is divided by 3053?
2902
What is the remainder when 77608688 is divided by 521?
7
What is the remainder when 7916119 is divided by 688?
679
Calculate the remainder when 8162123 is divided by 3003.
2972
What is the remainder when 560621 is divided by 560586?
35
Calculate the remainder when 542102 is divided by 77415.
197
Calculate the remainder when 21675937 is divided by 265.
262
What is the remainder when 3875928 is divided by 968650?
1328
Calculate the remainder when 454109 is divided by 17.
5
Calculate the remainder when 5155394 is divided by 548.
358
Calculate the remainder when 10365 is divided by 1437.
306
What is the remainder when 2997616 is divided by 2997472?
144
What is the remainder when 746881 is divided by 3451?
1465
Calculate the remainder when 37659608 is divided by 4184398.
26
Calculate the remainder when 20515373 is divided by 12197.
19
Calculate the remainder when 769559672 is divided by 25.
22
Calculate the remainder when 7810052 is divided by 17.
14
Calculate the remainder when 1887837547 is divided by 10.
7
Calculate the remainder when 6279000 is divided by 1569731.
76
What is the remainder when 3895256 is divided by 556465?
1
Calculate the remainder when 1802751 is divided by 9151.
4
Calculate the remainder when 107675960 is divided by 2508.
2504
Calculate the remainder when 698224 is divided by 24.
16
What is the remainder when 17638467 is divided by 4434?
15
Calculate the remainder when 22945505 is divided by 7648456.
137
Calculate the remainder when 630811 is divided by 380.
11
Calculate the remainder when 477007117 is divided by 943.
940
What is the remainder when 2489351 is divided by 25?
1
Calculate the remainder when 44329870 is divided by 138.
130
Calculate the remainder when 29044 is divided by 751.
506
What is the remainder when 16500 is divided by 65?
55
What is the remainder when 277530 is divided by 712?
562
What is the remainder when 2581242 is divided by 835?
257
Calculate the remainder when 440632 is divided by 2058.
220
Calculate the remainder when 1001355 is divided by 63.
33
What is the remainder when 73141 is divided by 6262?
4259
Calculate the remainder when 3126087 is divided by 390759.
15
What is the remainder when 677717 is divided by 135534?
47
What is the remainder when 924876 is divided by 498?
90
What is the remainder when 1965901 is divided by 245729?
69
What is the remainder when 162532 is divided by 5830?
5122
What is the remainder when 402240 is divided by 57360?
720
What is the remainder when 31233311 is divided by 48?
47
Calculate the remainder when 6035205 is divided by 400.
5
Calculate the remainder when 18021 is divided by 5975.
96
Calculate the remainder when 2127086 is divided by 5497.
5244
What is the remainder when 772074 is divided by 385930?
214
Calculate the remainder when 23554478 is divided by 1965.
23
What is the remainder when 109102473 is divided by 2807?
2804
What is the remainder when 35956 is divided by 3592?
36
Calculate the remainder when 202783721 is divided by 54.
5
Calculate the remainder when 1790263 is divided by 281.
12
What is the remainder when 1575274 is divided by 393809?
38
What is the remainder when 2558054 is divided by 944?
758
Calculate the remainder when 7354471 is divided by 204288.
103
What is the remainder when 336747 is divided by 336705?
42
What is the remainder when 1083748 is divided by 161?
57
Calculate the remainder when 1873077 is divided by 88.
85
Calculate the remainder when 5100879 is divided by 426.
381
What is the remainder when 49116133 is divided by 702?
1
Calculate the remainder when 6572454 is divided by 649.
31
Calculate the remainder when 974537 is divided by 1490.
77
What is the remainder when 519194 is divided by 103838?
4
What is the remainder when 3142 is divided by 800?
742
What is the remainder when 22238886 is divided by 72?
30
Calculate the remainder when 32180182 is divided by 32.
22
What is the remainder when 3215978 is divided by 84630?
38
Calculate the remainder when 70108776 is divided by 18806.
8
What is the remainder when 1604983 is divided by 267492?
31
What is the remainder when 368232331 is divided by 3983?
3981
Calculate the remainder when 25516 is divided by 3965.
1726
What is the remainder when 1016445 is divided by 599?
541
What is the remainder when 1652009 is divided by 556?
133
Calculate the remainder when 4985361 is divided by 207723.
9
Calculate the remainder when 22486 is divided by 22467.
19
What is the remainder when 630875 is divided by 1082?
69
Calculate the remainder when 34304 is divided by 2715.
1724
Calculate the remainder when 451987 is divided by 55.
52
What is the remainder when 790209 is divided by 395099?
11
What is the remainder when 5891963 is divided by 2532?
2531
Calculate the remainder when 227633353 is divided by 133.
129
What is the remainder when 120945074 is divided by 36103?
24
What is the remainder when 4744299 is divided by 593034?
27
Calculate the remainder when 124827775 is divided by 2870.
2865
What is the remainder when 154504 is divided by 171?
91
What is the remainder when 25134719 is divided by 1590?
1589
What is the remainder when 7050530 is divided by 3525261?
8
Calculate the remainder when 2383454 is divided by 9572.
26
What is the remainder when 1109527 is divided by 327?
16
What is the remainder when 22714228 is divided by 55?
53
Calculate the remainder when 49109 is divided by 8053.
791
What is the remainder when 5640364 is divided by 6?
4
Calculate the remainder when 206342 is divided by 29468.
66
Calculate the remainder when 185323372 is divided by 16.
12
Calculate the remainder when 578403 is divided by 44471.
280
What is the remainder when 18807884 is divided by 607?
596
Calculate the remainder when 5826815 is divided by 153337.
9
What is the remainder when 510138628 is divided by 1001?
1000
What is the remainder when 411205319 is divided by 360?
359
What is the remainder when 2587581 is divided by 162?
117
Calculate the remainder when 913565 is divided by 893.
26
Calculate the remainder when 22720505 is divided by 302940.
5
Calculate the remainder when 6936172 is divided by 21.
19
What is the remainder when 986622 is divided by 1027?
702
What is the remainder when 202323 is divided by 722?
163
What is the remainder when 1744642 is divided by 872316?
10
What is the remainder when 235952 is divided by 58967?
84
What is the remainder when 5998455 is divided by 970?
945
Calculate the remainder when 1157720 is divided by 1157660.
60
Calculate the remainder when 5970525 is divided by 1625.
275
What is the remainder when 2599451 is divided by 179?
13
What is the remainder when 53654498 is divided by 323?
322
Calculate the remainder when 1864826 is divided by 39669.
383
What is the remainder when 1381757 is divided by 197?
196
Calculate the remainder when 1268631 is divided by 10843.
0
Calculate the remainder when 733341 is divided by 365973.
1395
Calculate the remainder when 393590 is divided by 504.
470
What is the remainder when 902090 is divided by 257?
20
Calculate the remainder when 310153 is divided by 533.
480
Calculate the remainder when 2048739 is divided by 795.
24
What is the remainder when 3786404 is divided by 540895?
139
Calculate the remainder when 38845312 is divided by 1246.
16
Calculate the remainder when 353629 is divided by 353629.
0
What is the remainder when 5830 is divided by 889?
496
Calculate the remainder when 552326 is divided by 608.
262
What is the remainder when 2764533 is divided by 5286?
5241
What is the remainder when 38975802 is divided by 1082?
1080
What is the remainder when 106149 is divided by 4358?
1557
Calculate the remainder when 24942263 is divided by 209.
203
Calculate the remainder when 9916612 is divided by 1983320.
12
What is the remainder when 8072 is divided by 6850?
1222
Calculate the remainder when 8396616 is divided by 243.
237
Calculate the remainder when 16956936 is divided by 364.
360
What is the remainder when 11343669 is divided by 409?
54
Calculate the remainder when 3822112 is divided by 838.
832
Calculate the remainder when 1040876 is divided by 121.
34
Calculate the rema